ppose 0 = -5*g + 3 + 57. Suppose -p - 5*a + g = -19, p + a = 19. What are the prime factors of p?
2
Let w = 26 + 154. What are the prime factors of w?
2, 3, 5
Suppose -l = 2 - 16. List the prime factors of l.
2, 7
Suppose -4*c = 2 - 18. What are the prime factors of c?
2
Let s(n) = n**3 - 7*n**2 + 3*n + 6. Let j be s(6). Let i = j + 17. Suppose 3*f + 2*p - 37 = -2*f, p = i*f - 49. List the prime factors of f.
3
Suppose 226 = 4*w - 98. List the prime factors of w.
3
Let g(m) = 4*m**2 + 8*m + 11. What are the prime factors of g(-6)?
107
Let i(t) = t + 8. Let l be i(-5). What are the prime factors of (-2)/l*(-99)/2?
3, 11
Let j be (-8 - -4)*1/(-2). Suppose 0 = 8*v - j*v - 186. What are the prime factors of v?
31
Suppose 2090 = 7*w + 4*w. What are the prime factors of w?
2, 5, 19
Suppose 3*t + 2 - 8 = 0. Let p be ((-6)/4 + t)*22. Let u = 15 - p. List the prime factors of u.
2
Suppose -2*m + 38 = -4*h, -2*h - 19 = 3*m - 60. List the prime factors of m.
3, 5
Let k(a) be the first derivative of a**2/2 + 2*a - 2. Let m be k(3). Suppose 2*p = -o + 1, 3*p - m*p = 2. What are the prime factors of o?
3
Suppose k = -8 + 4. Let t be (3 - k) + (-4 - -1). Let x(c) = -c**3 + 4*c**2 + 5*c. What are the prime factors of x(t)?
2, 5
Let q = 125 - 86. List the prime factors of q.
3, 13
Let a = -12 + 20. Suppose -a*h = -7*h - 13. What are the prime factors of h?
13
Suppose 0 = 2*i + 5 - 3, 2*g = -3*i + 185. What are the prime factors of g?
2, 47
Suppose r - v = -3 + 14, -3*v = 2*r + 3. Suppose 2*f = 4*l, l - r*l = 4*f. What are the prime factors of -3*(l - 4/3)?
2
Suppose -2*a + 7 = 3. Suppose -5*t + 3 + a = 0. What are the prime factors of -2 - (-5 + -2 + t)?
2
Let x(b) = b + 13. Let v be x(-10). Suppose -2*p = z - 48, -2 = v*p - p. List the prime factors of z.
2, 5
What are the prime factors of 6/4 + 183/6?
2
Let z(x) = -2*x**3 - 2*x**2 + 1. Let u be z(-1). What are the prime factors of (-13 - -2)*(u - 2)?
11
What are the prime factors of (-3906)/(-18) + -1 + -2 + 3?
7, 31
Suppose 0 = p + 2 - 6, -z = -p - 108. What are the prime factors of z?
2, 7
Let k = -142 - -216. List the prime factors of k.
2, 37
What are the prime factors of 53*(-3)/(-12)*4?
53
List the prime factors of 67 - 16/(5 - 1).
3, 7
Let s(x) = 73*x + 9. What are the prime factors of s(4)?
7, 43
Let b(o) = 7*o**2 + o - 1. Let c be b(1). Let s = c - 1. List the prime factors of s.
2, 3
Let f = -96 + 168. List the prime factors of f.
2, 3
Let p = -86 - -101. What are the prime factors of p?
3, 5
Let x(i) = -7*i**3 + i + 1. Let g be x(-1). Let r = 13 - g. List the prime factors of r.
2, 3
What are the prime factors of 4 - 3 - (0 + -66)?
67
Let x = 32 + -17. Suppose 4*b + b = 3*i + 3, b + 3*i - 15 = 0. Let p = x + b. What are the prime factors of p?
2, 3
Suppose 0 = -4*i - 318 + 894. What are the prime factors of i?
2, 3
Let g(k) = k**3 - 14*k**2 + 15*k + 6. What are the prime factors of g(13)?
2
Let s = 3 - 13. Let u = s - -16. List the prime factors of u*(6/3)/6.
2
Let i = -205 - -119. List the prime factors of i/(-4) + (-3)/2.
2, 5
Suppose 2*t - 601 = -37. List the prime factors of t.
2, 3, 47
Let a be -6*((-6)/(-4))/(-3). Suppose 2*y + 5*v = 53 - 17, -3*y + 12 = -a*v. List the prime factors of y.
2
Let w be ((-2)/5)/((-1)/(-5)). Let r be w + -3*(1 + -2). Let v = r - -2. What are the prime factors of v?
3
Suppose -3*a = a - 20. Suppose 0 = w - 3 - a. What are the prime factors of w?
2
Suppose 0 = 4*l - l - 2*m - 13, -4 = -4*m. What are the prime factors of l?
5
Let i(p) = -p**2 + 7*p - 6. Let k be i(4). Let s = 24 - k. Suppose -4*a + 10 = -s. List the prime factors of a.
7
Let k = -1 - 3. Let a be 1/(-3) + k/(-3). Let c = a + 14. List the prime factors of c.
3, 5
Let h(t) = 2*t - 9. Let a be h(6). Let j be (-105)/90*9/(-14)*96. Suppose x - j = -a*x. List the prime factors of x.
2, 3
What are the prime factors of (-500)/15*(-3)/2?
2, 5
Let i = -2 - -4. Let m = i + 0. Suppose -5*y - a = -53, m*y - 5*a = y + 21. List the prime factors of y.
11
Let k(o) = -o**2 - 28*o + 36. What are the prime factors of k(-16)?
2, 3, 19
Suppose 2*j + 2*x = 334, -5*j + 4*j = -5*x - 155. List the prime factors of j.
3, 5, 11
Suppose -93 - 352 = -5*s. List the prime factors of s.
89
Let w(y) = 3*y - 2*y + 5*y - 3*y. What are the prime factors of w(14)?
2, 3, 7
What are the prime factors of ((-216)/84)/((-3)/56)?
2, 3
Let c = -17 + 27. Suppose -t = 0, -4*g + 20 = -2*t - 0*t. Suppose 2*r + 4*y + y = c, -g*r = -5*y - 60. What are the prime factors of r?
2, 5
Let n = -20 - 32. Let p = n - -89. What are the prime factors of p?
37
Let x = -2 - -4. Let w be -2 - ((-80)/x - 1). Suppose w - 3 = 3*y. List the prime factors of y.
2, 3
Suppose -4*s = -4 - 32. What are the prime factors of s?
3
Suppose -4*f = -250 + 30. What are the prime factors of f?
5, 11
Let z = 40 + -29. What are the prime factors of (z - -4)/(1 - 0)?
3, 5
Suppose 0*w - 28 = -2*w. Let g = -9 + w. List the prime factors of g.
5
Let l = 62 + -128. Let w = -18 - l. What are the prime factors of w?
2, 3
Let f(r) be the third derivative of 5*r**4/24 + r**3/6 + 2*r**2. Let s(j) = -j - 5. Let h be s(-6). What are the prime factors of f(h)?
2, 3
Let c = 3 + -1. Suppose -r + 13 = -u, -c*r - r - 4*u = -32. What are the prime factors of r/7 - (-4)/14?
2
Let c be 4/(-6)*1*-3. Let z = 3 - c. What are the prime factors of -2*(z + 21/(-6))?
5
List the prime factors of ((-152)/(-12))/((-1)/(-6)).
2, 19
Let z be (0 - (-220)/4) + -3. Suppose 2*h - 10 = z. What are the prime factors of h?
31
Let b(t) = -t**3 - 4*t**2 + 5*t + 2. Let x be b(-5). Suppose -n = -2*n - x*v + 1, -3*v = 2*n - 6. List the prime factors of n.
3
Let a = 72 + -50. What are the prime factors of a?
2, 11
Suppose c = y - 164, c = -y + 185 - 17. What are the prime factors of y?
2, 83
List the prime factors of 3*1/(-2)*-2.
3
Let x(o) = o**3 - 3*o**2 - 5*o - 3. Let y be x(4). Let a = -24 + 35. Let j = y + a. What are the prime factors of j?
2
Let u be (-106)/(3 - (3 - -2)). Suppose y = -x + 15, 3*x - u = 2*y + 3*y. List the prime factors of x.
2
Let n(q) be the third derivative of 5*q**4/24 - 5*q**3/3 - 6*q**2. List the prime factors of n(8).
2, 3, 5
Suppose q + 18 + 6 = 0. Let p = q + 39. What are the prime factors of p?
3, 5
Suppose -3*y = -m - 115, y - m = m + 40. Let c = -25 + y. List the prime factors of c.
13
Let x(z) = z**2 + 3*z - 5. Let q be (-12)/10*(-30)/9. Let y be q/14 + (-44)/7. List the prime factors of x(y).
13
Suppose -5*i = -9*i + 20. What are the prime factors of i?
5
What are the prime factors of 9*(-5)/(10/(-52))?
2, 3, 13
Let y(t) = t**3 - 7*t**2 - t + 10. Let k be y(7). Suppose 71 - 26 = k*c. Suppose 3*u = -2*u + c. List the prime factors of u.
3
Let i(s) be the second derivative of 2*s**3/3 + 5*s**2/2 - 5*s. List the prime factors of i(10).
3, 5
Let p be (5 + -2)/((-3)/(-14)). Let m = p - 8. List the prime factors of (1 - -1) + m/2.
5
Let g(q) = -q + 6. Let r be g(6). Let s(z) = 5*z - 1. Let n be s(1). Suppose 4*l - n - 16 = r. List the prime factors of l.
5
Suppose z - 6*z + 3*c + 373 = 0, 4*z + 4*c = 292. List the prime factors of z.
2, 37
Let b(u) = 3*u**3 - 13*u**2 - u - 4. Let c(m) = -m**3 + m**2. Let x(l) = -b(l) - 4*c(l). Let h be x(-7). Suppose 0 = 5*v + 20 - h. List the prime factors of v.
3, 5
Let o be (-32)/(-12)*57/2. Suppose 3*q - i - 86 = 0, 4*q + i - o = q. Let w = q + -16. What are the prime factors of w?
11
Suppose t = 3*t - 10. Let r(f) = 2*f**3 - 2*f**2 - 2*f - 1. Let b be r(-1). Let j = t - b. List the prime factors of j.
2
Let s = 81 + -52. List the prime factors of s.
29
Let b(r) = r - 1. Let a(m) = -16*m + 14. Let p(o) = -6*a(o) - 84*b(o). List the prime factors of p(1).
2, 3
Let d(g) = 5*g + 10. List the prime factors of d(9).
5, 11
Suppose 6*a = a + 10. Suppose -a*h + 6 = -0. Suppose 53 = 5*g + x, -2*g + 2*x = -h*g + 7. List the prime factors of g.
11
Suppose 2*h = -h + 18. Let x(u) = 6*u - 4 - h - 3*u. List the prime factors of x(7).
11
Let u = 64 + -45. What are the prime factors of u?
19
Suppose 74 = 4*u - 2*u. What are the prime factors of u?
37
Let v(t) = 5*t + 2. Let h be v(2). Suppose 0*j + h = -2*j. Let c = j + 11. List the prime factors of c.
5
Let v(x) = -x**2 + 4*x - 3. Let g be v(2). Let d = g + 3. What are the prime factors of d?
2
Let h be 32/((-1)/(9